8 + 1098. Let q = -8455 + k. Is q composite?
True
Let j(w) = 7*w**2 - 2*w - 2. Let x be j(2). Let n = -21 + x. Is n/(((-10)/886)/(-5)) composite?
False
Let d = 93680 + -62547. Is d prime?
False
Suppose -1413882 = -99*n - 3*n + 5321280. Is n a prime number?
False
Is 2/8 - (1912183959/92)/(-19) composite?
False
Suppose 2*r - 8477 = -4*b + 5861, -2*r + 17923 = 5*b. Is (-44 - -50) + -2 + b composite?
True
Suppose -l + 78 = -5*y, 3*l + 2*y - 250 = y. Let h = l - 81. Suppose h*z = 5*a - 3*z - 2520, -3*z = 4*a - 1981. Is a composite?
False
Let w(h) = -h**2 + 3*h + 21733. Is w(0) a prime number?
False
Is (508240/280)/(-1 + (-1025)/(-1015)) a composite number?
True
Let f = 15 + -11. Suppose -f*p - 7381 = -2309. Is ((-7)/(-28))/((-1)/p) a composite number?
False
Suppose 5*p + 144 = i, 4*i = i + 3*p + 372. Let b(m) = -5*m + 117 + 9*m**2 - 9*m**3 - i - 2*m. Is b(-5) a prime number?
False
Let z be (1 + 1)/((-8)/(-20)). Suppose 2123 = 3*j - 2*d, 0 = z*j - 5*d + 4*d - 3550. Suppose x - 4*x - 3*n = -537, 0 = -4*x + n + j. Is x a composite number?
True
Let x = 556 + -544. Suppose x*q - 15*q = -17943. Is q a prime number?
True
Suppose 0 = 18*h + 58*h + 1176498 - 7135582. Is h prime?
False
Let t(o) = -o**2 - o - 8. Let a be t(-7). Let c = -37 - a. Suppose -10*i + c*i - 1401 = 0. Is i prime?
True
Let t(r) = 12513*r + 1642. Is t(15) composite?
False
Let p be (-7)/385*-10055 - (-2)/11. Suppose 8*c = -7 + p. Is c a prime number?
False
Let t = 2151937 - 1225304. Is t composite?
False
Let m = -125773 + 359187. Is m prime?
False
Let q(f) = -f**3 + 19*f**2 + 24. Let l be q(18). Suppose -1192 - l = -2*b. Suppose -3*a = -b - 103. Is a prime?
False
Suppose -5*w + 76 = -89. Suppose -w*i = -20*i - 146783. Is i a composite number?
True
Let r = -1614 - -6101. Is r composite?
True
Suppose 21*o - 22*o - f + 95621 = 0, -3*o = 5*f - 286871. Is o composite?
False
Suppose 1213 - 24918 = -4*i + 5*a, 4*i - 23703 = 3*a. Let s(d) = -d**3 + 7*d**2 - 2*d + 9. Let t be s(7). Is ((-6)/t)/(30/i) prime?
False
Suppose 0 = -s + 25*s - 3*s - 3456033. Is s a composite number?
True
Let c be (-29277)/(-54)*-4*-9*1. Let r = -11147 + c. Is r composite?
True
Let l = 34934 + -21675. Is l prime?
True
Let q(t) = 2*t + 33. Let x be (2 - 10/4) + (-162)/(-12). Is q(x) prime?
True
Let q(c) = -c**2 + c - 4. Suppose 0 = 4*l + 20, m + 0*l = -4*l - 20. Let a be q(m). Is 117 + 2/a*(-20)/5 a prime number?
False
Is (105617/(-124))/(4/(-48)) prime?
False
Is 199/(-3)*(678 + -11151) composite?
True
Suppose -s - 5*h - 37 = 2*s, -h = -1. Is 35/s*4468/(-10) composite?
False
Let y be 6 + (-30)/9 - (-6)/(-9). Suppose 11*i = 8*i - g + 2449, 2*i + y*g = 1630. Is i a composite number?
True
Suppose 0 = 208*k - 209*k + 210299. Is k prime?
True
Let t = 387 + -270. Suppose 5*z + 2*c + t = 2550, 4*z = -c + 1947. Is z composite?
False
Let b = 114538 + -25049. Is b a prime number?
False
Suppose 5*f = -5*u - 20, 16 = -12*f + 7*f - 3*u. Let d = 230 + -688. Is (-3 + 0 + (-1)/f)*d a composite number?
True
Let l(q) = -q**2 + 10*q + 4. Let b be l(7). Suppose b*w - 178455 = 10*w. Is w composite?
False
Let r(d) = -3*d - 88. Let b(u) = -2*u - 44. Let i(o) = -5*b(o) + 3*r(o). Let s be i(0). Let y = s - -255. Is y prime?
True
Let f(n) = 108*n**2 + 11*n + 7. Let v be f(10). Let q be (-195)/(-130)*(-22)/(-3). Suppose 0 = q*c - 2*c - v. Is c prime?
True
Suppose 42*o + 39 = 55*o. Suppose 8*h = o*h + 2425. Is h a prime number?
False
Suppose 0 = 4*h - 19 + 3. Suppose 0*d = 5*d + h*q + 10, -2*d - q = 1. Suppose 3*c + 6 = 0, 445 = 4*z + d*c - 787. Is z prime?
False
Let p(r) = -r**2 - 14*r + 42. Let t be p(-17). Is 27/18*(-4062)/t prime?
True
Suppose -5*f - 5*u + 221865 = 0, -131654 - 45836 = -4*f - 2*u. Suppose 3*b - f + 9725 = 0. Is b a prime number?
True
Let c = 5911 + -464. Is c a composite number?
True
Let k(z) = -14*z**2 - 2*z - 2. Let u be k(-7). Suppose 2*w - 5*w - 3645 = 0. Let f = u - w. Is f prime?
True
Let n = 305028 - 188599. Is n prime?
False
Let v(r) = 15*r**3 - 5*r**2 - 6*r + 9*r**3 - 4 - 23*r**3. Let g be v(9). Suppose 3*n = -29 + g. Is n prime?
True
Let h(j) = 5*j**2 + 0 - 2 + 20*j**2 + 38*j**2 - 22*j. Is h(-11) a composite number?
True
Suppose 0 = -g + 180 - 41. Let b = g - 98. Suppose b*h - 46*h + 1175 = 0. Is h a prime number?
False
Suppose -4*m + 221283 = 5*j, -43*m + 47*m = -2*j + 221298. Is m composite?
True
Suppose -33*h = -34*h - 12401. Let t = -6372 - h. Is t composite?
False
Let a be (-2 - -3)/((-3)/(-21)). Suppose a*s = 3*s + 2*d + 6092, 2*s + 3*d = 3062. Let n = 3842 - s. Is n a prime number?
False
Let a be 13 + ((-6)/1)/1. Suppose 1828 = -a*x + 8646. Is x a composite number?
True
Suppose 3*m - j + 0 = -8, 0 = 5*j - 25. Let c be -4*(m - 284/16). Let k = c + -49. Is k a prime number?
False
Let m(o) = 5*o**3 - 29*o**2 - 27*o - 139. Is m(30) composite?
False
Let s = 307047 + -210404. Is s a composite number?
False
Is 715337 - (4/(-14))/((-20)/350) - -7 a composite number?
False
Suppose -66 = -19*r + 16*r. Suppose z - 5*u + 3 = -7, -2*z - 4*u + r = 0. Suppose y - 296 = -c + 6*y, z*y + 5 = 0. Is c a prime number?
False
Let k = 7026 + -11588. Let d be ((-4510)/(-4))/((-1)/6). Let c = k - d. Is c a composite number?
False
Suppose -24*m = 12*m - 5760. Is 240/m*64282/3 composite?
False
Suppose 0 = 86*d - 91*d + 38165. Let v = d + -3596. Is v prime?
False
Suppose -1053899 = 4*c - 2822143. Is c prime?
True
Let n be (4/(-10) + 1)/((-2)/(-10)). Suppose -n = -8*t + 11*t. Is 10/((-10)/3) + (-202)/t a composite number?
False
Let m be (2 - 3 - 6) + -1. Let j be 2/m + 252/48. Suppose -2106 + 511 = -j*x - 3*r, 0 = -r. Is x a prime number?
False
Let y(r) = 324*r**2 + 29*r - 103. Is y(6) prime?
False
Let v(z) = -256*z + 617. Is v(-6) a composite number?
False
Suppose -5*g = -10*g + 70. Let a(q) = q**3 - 4*q**2 + q + 7. Is a(g) a composite number?
True
Let v(t) = 192*t + 277 - 272 + 62*t. Let a be v(-1). Let k = 1660 + a. Is k composite?
True
Let c = 4353 - -2068. Is c a prime number?
True
Let s be (2 + -5)/(102/(-68)). Suppose -3*m + 15 = 0, -s*m - 125 = 2*y - 661. Is y composite?
False
Suppose -2*r + 4*t + 224374 = 0, 0 = t - 63 + 65. Is r a prime number?
False
Let f be 1/(-1) + (0 - (-5 + 1)). Let l be f - ((3 - 1) + 7). Is 1318/2 - (-9 + (l - -12)) composite?
True
Let o(y) = 1017*y + 7. Suppose 0 = -5*u + 5*i + 25, -2*i - i = u + 11. Let a be o(u). Suppose -3*w + a - 67 = 0. Is w a prime number?
False
Let f = 196 - 205. Is (249636/f)/(-4) + 4/(-3) a composite number?
True
Let g = -259 - -154. Let w(d) = 6*d**2 + 5*d + 28. Let b be w(8). Let y = b + g. Is y a prime number?
True
Is ((-14386)/(-4))/((-1386)/(-196) - 7) composite?
True
Suppose u - 3*u = 0. Suppose 0 = -u*p - 5*p + 16495. Is p a composite number?
False
Suppose 3*z - 12949 = -4*g, -2*g - 1708 = -2*z - 8172. Let m = g - -816. Is m a prime number?
True
Suppose 24*m - 278961 - 885747 = -12*m. Is m a composite number?
False
Let f = 236077 + 255500. Is f a composite number?
True
Let u = -14 + 16. Let d be 12/(48/(-22) + u). Is ((-33)/6 - -5)/(1/d) prime?
False
Let j = -22 + 20. Let f be (-1)/4 + (-1855)/(-28). Is (j/(-4))/(3/f) a composite number?
False
Suppose 83096 = 11*z - 846393. Is z composite?
False
Suppose 2*u + 5*h - 143332 - 55555 = 0, 5*u - h - 497150 = 0. Is u prime?
True
Let l(v) = -v**2 + 4*v + 23. Let y be l(7). Suppose -5*j = -10, 0 = -5*t + y*j - 18 + 1069. Is t a prime number?
True
Suppose 30*i - 35*i = -20. Suppose -i*d + 4 = x, 5*d = -1 - 4. Suppose 0 = -x*b + 4251 + 4661. Is b a composite number?
True
Let u = 32 - 27. Suppose -u = -4*b + 103. Suppose -32*a + b*a + 3985 = 0. Is a a prime number?
True
Suppose v - 3*s - 59104 = 0, 0 = -3*v + 6*s + 187681 - 10384. Is v composite?
True
Let m(c) = 400190*c - 687. Is m(2) prime?
False
Suppose 17*w = -41*w - 0*w + 77755786. Is w a prime number?
True
Let y = 432691 - 289220. Is y composite?
True
Let h(d) = -9*d + 108. Let s be h(11). Is (18/4)/s + (-115677)/(-18) a prime number?
True
Let h(s) = 4*s + 677. Let p(z) = z - 7. Let g be p(6). Let a be (1 - (-4)/2) + 3/g. Is h(a) composite?
False
Let h = -15463 + 30004. Let v = h + -4700. Is v a prime number?
False
Let p = -6598 - -12614. Let u = p + 6170. Let l = u + -7141. Is l a prime number?
False
Suppose -17*o + 3*q - 1463000 = -21*o, q = 4. Is o prime?
True
Suppose -20